(d) = -24*d + 12. Let r(n) = -n + 11. Let y be r(13). What is the tens digit of b(y)?
6
Suppose -3*y + 3*j - j + 166 = 0, -5*j = -2*y + 118. Suppose 5*z + y = 8*z. What is the units digit of z?
8
Let h = -1102 + 2726. What is the hundreds digit of h?
6
What is the hundreds digit of 32*1*(31 - -45)?
4
Let x be 0 + 6 + 3 + 0. Let a be 3 - (-2 + 2)/(-2). Suppose -a*l = x - 45. What is the units digit of l?
2
Let j(s) = 119*s - 10. Let i be j(3). Let g = i - 218. What is the tens digit of g?
2
Let r(b) = -b**2 + 5*b - 1. Let s be r(3). Suppose 0 = -s*k + 87 + 78. What is the tens digit of k?
3
Suppose 7*y = 14*y - 119. Suppose -y*z + 2700 = -5*z. What is the units digit of z?
5
Let j = -116 - -114. Let p(k) = -2*k**3 - 2*k**2 + 2*k + 5. What is the units digit of p(j)?
9
Let m be (-58)/(-18) - 68/306. Suppose -m*k = k + 2*p - 218, 4*k - p = 227. What is the tens digit of k?
5
What is the tens digit of 4/12*93 + (-6 - -3)?
2
Let k = 5715 - 3726. What is the thousands digit of k?
1
Let t = 719 - 426. Let b = t - 196. What is the tens digit of b?
9
What is the hundreds digit of (-3)/2 + (-52029)/(-18)?
8
Let d(g) = 348*g + 51. What is the hundreds digit of d(2)?
7
Let q(a) = -9*a**2 - 2*a**3 + 3*a**3 - 10 - 13*a + 17*a**2. What is the tens digit of q(-9)?
2
Suppose 0 = -10*f + 5783 + 4067. What is the units digit of f?
5
Let n = -21 + 24. Suppose -5*v = -4*y + 165, -4*v - 33 = n*y - 4*y. What is the units digit of y?
5
Let g(v) = -5*v**2 - 3*v**2 + 41 - 37 - 7*v**2 + v**3 - 13*v. What is the tens digit of g(16)?
5
Suppose -t + 2 - 6 = -3*c, 5*c + 5 = 4*t. Suppose -c*m - 16 = -55. What is the tens digit of m?
1
Let q = 3075 + -822. Suppose 14*v - 1219 = q. What is the units digit of v?
8
Suppose 46*x + 116416 = 110*x. What is the tens digit of x?
1
Let c = 310 + 685. What is the hundreds digit of c?
9
Suppose -880 = -17*s + 6*s. What is the tens digit of s?
8
Suppose -3*p = 2*i - 62, -1 = -2*p + 3*p + 5*i. Let o be -2 + (p/3 - 4). Suppose 3*g + o*g = 195. What is the tens digit of g?
3
Suppose 3*g - 527 = -0*g + t, -4*g - 5*t + 728 = 0. Let o = -102 + g. What is the tens digit of o?
7
Suppose -2*f + 2*x + 8 = 0, -2*x + x = -4*f + 13. Let t = 66 - -107. Suppose -i + 1 = 4*q - t, -f*q + 2*i = -125. What is the units digit of q?
3
Suppose -1 = -2*a + 5. Suppose v - 4*j = -20, -v - j - 18 = -a*j. Let b = v - -25. What is the units digit of b?
9
Let s(h) = 2*h**2 - 16*h + 2. Let c be s(17). Suppose 14*u - c = 10*u. What is the units digit of u?
7
What is the tens digit of 2/28*8894 + (-82)/287?
3
Suppose 0 = f - 3*f + 50. Suppose -o + 4*x - x - 24 = 0, 2*o - x + 33 = 0. Let m = o + f. What is the tens digit of m?
1
Let p be ((-24)/(-4))/(1/(-4)). What is the tens digit of (1002/(-16))/(18/p)*2?
6
Let z(o) = o**3 + o**2 + 1. Let j be z(0). Let d be 0/(j - 0 - 0). Suppose d = 3*c - 8 - 40. What is the units digit of c?
6
Let b be ((-3)/15)/((-2)/30). Suppose r - 2*r - 5*j + 24 = 0, -3*j = -3*r + 36. Suppose -b = -n + r. What is the tens digit of n?
1
Let s(k) = -2*k**3 + 61*k**2 + 44*k + 5. What is the hundreds digit of s(30)?
2
Suppose -4*d = -d - 4*r - 517, -514 = -3*d + r. Suppose 3*x = i + d, 0*i - 189 = -3*x - 5*i. What is the tens digit of x?
5
Let c(k) = -k**2 - 11*k + k**3 - k**2 - 3 + 22. What is the tens digit of c(7)?
8
What is the hundreds digit of (-4)/(-38) + 1192048/836?
4
Suppose 0 = -2*l + 4, -2 = -r - l + 6. What is the units digit of r/(-33) + 532/22?
4
Suppose 0 = -5*w + 473 + 972. Suppose c + w = -4*h, -5*h - 2*c + 5*c - 340 = 0. Let u = -43 - h. What is the units digit of u?
8
Let y be -7 + 8 + (-2 - -5). Suppose 2*a - 63 = -5*i - a, 3*i - 32 = y*a. What is the units digit of 17 - (-1 + i/(-4))?
1
Let p = 389 + 644. What is the tens digit of p?
3
Suppose -7*z = -9*z + 50. Let b be (10/z)/(1/340). Suppose b = 4*g + 16. What is the tens digit of g?
3
Suppose 5*v = v + 12. Suppose -v*z = -0*z - 33. Suppose 20 = 12*n - z*n. What is the units digit of n?
0
Let i = -19 - -32. Suppose -10*l - 294 = -i*l. What is the units digit of l?
8
Let y(h) = -2*h - 32. Let w be y(-16). Suppose w = -3*z + 4*z - 5*o - 24, -5*z = 5*o - 30. What is the units digit of z?
9
Let x(n) = n**3 - 16*n**2 + 6*n + 41. What is the thousands digit of x(20)?
1
Let y = -105 + 1695. Suppose -7*l = -2*l - y. What is the units digit of l?
8
Suppose -3*k - 109 = -3*z + 3815, -2*z - k + 2628 = 0. What is the units digit of z?
2
Suppose -h + 20 = 2*o + 3*o, 0 = 4*o + 4*h - 32. Let d(m) = m**3 - 2*m**2 + m + 1. What is the tens digit of d(o)?
1
Let r(a) = -a**2 - 6*a. Let i be r(-5). Let g = -74 - -77. Suppose 0 = -i*b - 5*d + 45, 3*b - g*d + 2 = -1. What is the units digit of b?
4
What is the hundreds digit of (-24)/(-16)*(8120/12 + 0)?
0
Suppose 12 = w + 2*j, -w + j = 2 - 8. What is the units digit of w?
8
Let u(s) be the second derivative of -2*s**3/3 - 3*s**2/2 + s. Let p(t) = t + 1. Let r(q) = -2*p(q) - u(q). What is the tens digit of r(5)?
1
Suppose 1244 = 4*i - g, -3*g - 8 = -20. Suppose 4*w = w - i. What is the units digit of w/(-14) + (-9)/21?
7
Let u be (29 + 6/(-3))*4. Let l = -76 + u. Suppose c + 4*r - l = 0, -2*r + 106 = 4*c + 3*r. What is the tens digit of c?
2
Suppose 0 = 6*l - 7*l + 4. What is the units digit of (164*(-4)/l)/(-1)?
4
Let x(n) = -3*n**3 - 8*n**2 + 14*n - 8. Let s(u) = -16*u**3 - 41*u**2 + 70*u - 39. Let h(a) = -2*s(a) + 11*x(a). What is the units digit of h(-9)?
7
Suppose 10 = 5*s - 0. Let b be -2 - 2/(s/(-5)). Suppose -156 = -t - b*t. What is the tens digit of t?
3
Let n(m) = 4*m**2 - 7*m + 77. What is the units digit of n(8)?
7
Suppose -4*v + 20 = 0, 22 = -m + 5*v + 1. Suppose -m*h = -7*h + 195. What is the tens digit of h?
6
Suppose -b = 4*b - 30. Let h(l) = 0 + b*l + l**3 + 0*l + 0*l**3 + 8*l**2 + 1. What is the units digit of h(-7)?
8
Let v(i) = 18*i**2 - 1. Let y(b) = -2*b + 2. Let q be y(1). Let d be -3 - (-1 + q)*2. What is the units digit of v(d)?
7
Let i = 37 + -29. Suppose 0 = -4*w + i*w - 240. What is the units digit of w?
0
What is the hundreds digit of 19366/18 - 1/(-9)?
0
Suppose -4*b + 0*w + 2*w + 664 = 0, 3*w - 852 = -5*b. Suppose 32 = n - 3*r, 0 = -5*n + n + 4*r + b. Let y = -27 + n. What is the tens digit of y?
2
Let k be (24/(-4))/(6/16). Let r(q) = q**3 + 17*q**2 + 14*q - 15. What is the tens digit of r(k)?
1
Let p = -70 + 74. Suppose a = -3*a - y + 709, -4*y = -p. What is the hundreds digit of a?
1
What is the units digit of (-3494)/((80/100)/(4/(-10)))?
7
Suppose 5*v - 1370 = -57*s + 62*s, 2*v = 3*s + 546. What is the hundreds digit of v?
2
Suppose 4290 = f + 10*f. Suppose h - 389 = -4*n, -94 = -5*n - 2*h + f. What is the tens digit of n?
9
Suppose 0 = 3*k + 9 - 21. Suppose -z - 3*z - 4*b + 172 = 0, k*b = 4*z - 188. What is the tens digit of z?
4
Suppose 2 = -o + 3*x, -4*o + 10 = o - 5*x. Suppose -5*n + 370 = 5*d, 0*n + 4*d = -5*n + 369. Suppose 79 = o*t - n. What is the units digit of t?
8
Suppose 4*c - 21*m = -25*m + 260, -2*c - m = -130. What is the units digit of c?
5
Let j(w) = 21*w - 47*w - 3*w**3 - 12*w**2 + 2*w**3 + 22*w + 9. Suppose 0 = 2*r - 10 + 34. What is the units digit of j(r)?
7
Suppose 0*v = 2*y - 4*v, 5*y = 4*v + 18. Let o be 2 + 42/(-3 + y). Suppose -o = q - 51. What is the units digit of q?
5
Suppose 43 + 5 = 3*o. Suppose -9*r = -5*r - o. Suppose -r*c - c + 80 = 0. What is the units digit of c?
6
Suppose -i = 3*q, -3*i + 0*q = 4*q - 10. What is the tens digit of 1817/69 + (-8)/i?
2
Let y(i) = -84*i + 3. Let v be (-9)/3*4/12. What is the units digit of y(v)?
7
Let a(u) be the second derivative of 5*u**3/6 - 10*u**2 + 4*u. Let b(q) = -4*q + 21. Let j(s) = 3*a(s) + 4*b(s). What is the units digit of j(15)?
9
Let h be (45 - 6) + -3 + 7. Suppose 0 = t - h + 9. What is the tens digit of t?
3
Let a = 72 + 113. What is the hundreds digit of a?
1
Let y = -6 + 2. Let h(a) be the first derivative of 2*a**3/3 + 4*a + 1. What is the units digit of h(y)?
6
Let g(u) be the second derivative of -2*u**2 + 10*u + 0 + 5/6*u**3. What is the units digit of g(2)?
6
Suppose -5*l + 400 = -490. Suppose -l = 13*k - 14*k. What is the units digit of k?
8
Let o(t) = -2*t**3 + 30*t**2 + t - 22. What is the units digit of o(12)?
4
What is the hundreds digit of 7677/2 + 3 + 22/(-4)?
8
Let j = -562 - -1259. What is the hundreds digit